ided by 28?
24
What is the remainder when 1099 is divided by 6?
1
Calculate the remainder when 101 is divided by 19.
6
Calculate the remainder when 1647 is divided by 16.
15
Calculate the remainder when 643 is divided by 92.
91
Calculate the remainder when 189 is divided by 2.
1
Calculate the remainder when 110 is divided by 34.
8
Calculate the remainder when 904 is divided by 83.
74
What is the remainder when 595 is divided by 173?
76
What is the remainder when 20 is divided by 4?
0
Calculate the remainder when 374 is divided by 86.
30
Calculate the remainder when 183 is divided by 37.
35
Calculate the remainder when 104 is divided by 23.
12
Calculate the remainder when 8751 is divided by 103.
99
What is the remainder when 5983 is divided by 176?
175
Calculate the remainder when 1734 is divided by 87.
81
Calculate the remainder when 2022 is divided by 184.
182
What is the remainder when 328 is divided by 7?
6
Calculate the remainder when 1069 is divided by 150.
19
What is the remainder when 189 is divided by 10?
9
Calculate the remainder when 165 is divided by 84.
81
Calculate the remainder when 39236 is divided by 218.
214
Calculate the remainder when 4029 is divided by 43.
30
Calculate the remainder when 696 is divided by 340.
16
What is the remainder when 40 is divided by 5?
0
Calculate the remainder when 493 is divided by 128.
109
What is the remainder when 897 is divided by 4?
1
Calculate the remainder when 35577 is divided by 15.
12
What is the remainder when 79 is divided by 17?
11
Calculate the remainder when 5787 is divided by 19.
11
What is the remainder when 890 is divided by 7?
1
Calculate the remainder when 569 is divided by 195.
179
Calculate the remainder when 355 is divided by 40.
35
Calculate the remainder when 506 is divided by 13.
12
What is the remainder when 959 is divided by 220?
79
What is the remainder when 183 is divided by 47?
42
Calculate the remainder when 138 is divided by 63.
12
What is the remainder when 779 is divided by 78?
77
What is the remainder when 47 is divided by 23?
1
Calculate the remainder when 55 is divided by 22.
11
What is the remainder when 10261 is divided by 11?
9
What is the remainder when 351 is divided by 98?
57
Calculate the remainder when 2403 is divided by 151.
138
Calculate the remainder when 1293 is divided by 16.
13
What is the remainder when 74 is divided by 11?
8
Calculate the remainder when 78 is divided by 25.
3
Calculate the remainder when 291 is divided by 262.
29
What is the remainder when 805 is divided by 397?
11
Calculate the remainder when 323 is divided by 33.
26
What is the remainder when 157 is divided by 23?
19
Calculate the remainder when 4981 is divided by 11.
9
Calculate the remainder when 1091 is divided by 52.
51
Calculate the remainder when 42 is divided by 28.
14
Calculate the remainder when 1026 is divided by 158.
78
Calculate the remainder when 647 is divided by 27.
26
What is the remainder when 67 is divided by 18?
13
What is the remainder when 6903 is divided by 113?
10
What is the remainder when 199 is divided by 52?
43
What is the remainder when 65 is divided by 10?
5
What is the remainder when 1754 is divided by 437?
6
Calculate the remainder when 178 is divided by 103.
75
What is the remainder when 279 is divided by 18?
9
Calculate the remainder when 248 is divided by 34.
10
Calculate the remainder when 91 is divided by 10.
1
Calculate the remainder when 413 is divided by 80.
13
What is the remainder when 348 is divided by 208?
140
Calculate the remainder when 327 is divided by 88.
63
Calculate the remainder when 254 is divided by 53.
42
What is the remainder when 212 is divided by 56?
44
Calculate the remainder when 96 is divided by 1.
0
What is the remainder when 317 is divided by 25?
17
What is the remainder when 4357 is divided by 39?
28
What is the remainder when 186 is divided by 48?
42
What is the remainder when 1815 is divided by 55?
0
What is the remainder when 220 is divided by 168?
52
Calculate the remainder when 196 is divided by 181.
15
What is the remainder when 97 is divided by 49?
48
What is the remainder when 79 is divided by 21?
16
What is the remainder when 395 is divided by 61?
29
Calculate the remainder when 53 is divided by 49.
4
What is the remainder when 448 is divided by 40?
8
Calculate the remainder when 1482 is divided by 39.
0
Calculate the remainder when 4393 is divided by 4.
1
What is the remainder when 296 is divided by 33?
32
What is the remainder when 217 is divided by 47?
29
What is the remainder when 41 is divided by 4?
1
Calculate the remainder when 1242 is divided by 395.
57
Calculate the remainder when 104 is divided by 9.
5
What is the remainder when 52 is divided by 49?
3
What is the remainder when 6851 is divided by 6?
5
What is the remainder when 2191 is divided by 717?
40
Calculate the remainder when 2744 is divided by 106.
94
Calculate the remainder when 162 is divided by 41.
39
What is the remainder when 320 is divided by 2?
0
Calculate the remainder when 439 is divided by 88.
87
Calculate the remainder when 1603 is divided by 106.
13
Calculate the remainder when 99 is divided by 15.
9
What is the remainder when 172 is divided by 56?
4
Calculate the remainder when 1300 is divided by 42.
40
Calculate the remainder when 6397 is divided by 16.
13
Calculate the remainder when 119 is divided by 30.
29
Calculate the remainder when 10323 is divided by 5.
3
Calculate the remainder when 5084 is divided by 42.
2
What is the remainder when 478 is divided by 51?
19
What is the remainder when 3219 is divided by 31?
26
What is the remainder when 92889 is divided by 12?
9
Calculate the remainder when 197 is divided by 69.
59
What is the remainder when 508 is divided by 5?
3
What is the remainder when 169 is divided by 75?
19
Calculate the remainder when 370 is divided by 12.
10
Calculate the remainder when 1101 is divided by 17.
13
What is the remainder when 235 is divided by 59?
58
What is the remainder when 194 is divided by 40?
34
Calculate the remainder when 5207 is divided by 134.
115
Calculate the remainder when 686 is divided by 169.
10
Calculate the remainder when 389 is divided by 34.
15
What is the remainder when 1281 is divided by 423?
12
What is the remainder when 56 is divided by 11?
1
Calculate the remainder when 330 is divided by 83.
81
What is the remainder when 311 is divided by 135?
41
Calculate the remainder when 365 is divided by 56.
29
Calculate the remainder when 867 is divided by 413.
41
Calculate the remainder when 104 is divided by 19.
9
What is the remainder when 410 is divided by 20?
10
Calculate the remainder when 185 is divided by 65.
55
Calculate the remainder when 165 is divided by 22.
11
What is the remainder when 108 is divided by 8?
4
What is the remainder when 268 is divided by 207?
61
What is the remainder when 1669 is divided by 1635?
34
Calculate the remainder when 4225 is divided by 47.
42
What is the remainder when 458 is divided by 42?
38
What is the remainder when 300 is divided by 48?
12
Calculate the remainder when 85 is divided by 57.
28
What is the remainder when 437 is divided by 81?
32
Calculate the remainder when 71 is divided by 9.
8
Calculate the remainder when 1053 is divided by 31.
30
What is the remainder when 76 is divided by 39?
37
Calculate the remainder when 20 is divided by 7.
6
What is the remainder when 171 is divided by 84?
3
What is the remainder when 93 is divided by 49?
44
Calculate the remainder when 179 is divided by 11.
3
What is the remainder when 730 is divided by 7?
2
Calculate the remainder when 762 is divided by 212.
126
Calculate the remainder when 1573 is divided by 35.
33
What is the remainder when 825 is divided by 151?
70
Calculate the remainder when 216 is divided by 107.
2
What is the remainder when 1082 is divided by 57?
56
What is the remainder when 297 is divided by 154?
143
What is the remainder when 1681 is divided by 187?
185
Calculate the remainder when 571 is divided by 145.
136
Calculate the remainder when 250 is divided by 15.
10
What is the remainder when 45 is divided by 40?
5
What is the remainder when 701 is divided by 6?
5
Calculate the remainder when 58 is divided by 50.
8
What is the remainder when 653 is divided by 43?
8
What